. Let i(j) be the second derivative of 0*j**g + 0 - 1/6*j**3 - 6*j. Calculate i(4).
-4
Suppose -p - 12 = -4*p. Let l(n) = -2*n + 11. Let b be l(5). Let j(z) = z - 1. Let g(w) = -w**2 + 5*w + 2. Let u(v) = b*g(v) - 2*j(v). Calculate u(p).
0
Let w(u) = 1 - 13 + u + 0. Let o be (-410)/(-41)*2/(8/2). Determine w(o).
-7
Let f(m) be the first derivative of -m**4/4 + 7*m**3/3 - 11*m**2/2 - 391. Determine f(5).
-5
Let i(v) be the third derivative of -v**8/20160 + v**6/240 - 23*v**5/60 - 28*v**2. Let p(a) be the third derivative of i(a). Determine p(3).
-6
Let w(s) be the second derivative of -s**5/20 + s**4/2 - 2*s**3/3 - 3*s**2/2 - s. Suppose -3*z = -5*f, -57*f = 12*z - 54*f - 69. Calculate w(z).
2
Let z(q) = 4*q + 2*q - 5*q - 6*q**2 + 0*q + 1. Let b = -3 + 2. What is z(b)?
-6
Let o(w) = 7*w**2 + 4*w - 21. Let m(r) = 6*r**2 + 4*r - 20. Let n(y) = -6*m(y) + 5*o(y). Determine n(-7).
-6
Let z(b) = -20*b + 11. Let u(v) = -43*v + 21. Let q(i) = -6*u(i) + 13*z(i). Calculate q(11).
-5
Let v be 3/(-2)*(-14)/3. Let j(z) = -z - 2. What is j(v)?
-9
Let b(h) = 13. Let o(t) = -11. Let l(r) = -5*b(r) - 6*o(r). Let w(m) = -m**2 - 5*m + 12. Let f(j) = -6*l(j) + w(j). What is f(-5)?
6
Let n(k) = -13*k**3 + 9*k**2 + k + 26. Let v(t) = 3*t**3 - 2*t**2 - 6. Let r(l) = -2*n(l) - 9*v(l). Let i be (-160)/(-100) - (-2)/5. Determine r(i).
-10
Let k = 4 + -9. Let w(f) = 9*f - 10. Let i(s) = -2*s + 1. Let z(d) = 5*i(d) + w(d). Give z(k).
0
Let g(k) = -k**3 - 22*k**2 + 27*k - 12. Let s be g(-23). Let n = 104 + s. Let l(u) = -u**3 + 15. Give l(n).
15
Let x(i) = 2*i**2 - 9*i. Let d(m) = 2*m**2 - 10*m. Let t be (-9)/6*-4 - 3. Let y be 2 - (0/t - 1). Let w(p) = y*d(p) - 4*x(p). What is w(4)?
-8
Let d(b) = -7*b - 17. Let n(g) = 98*g + 484. Let r be n(-5). Give d(r).
25
Let f(p) = 11*p - 7. Let m(q) = -15*q + 8. Let h(u) = 5*f(u) + 4*m(u). What is h(-2)?
7
Let d = -79 - -126. Let p(r) = -d + 22 + 2*r**2 + 3*r + 24. What is p(-4)?
19
Let t(n) = n - 28. Let m be 3 + 37/4 + (-9)/36. Give t(m).
-16
Let b(u) = -u**2 + 4*u + 1. Suppose -3*s + 63 = 3*t, 57 = 4*s - 4*t - t. Suppose 5*v - 2 - s = 0. What is b(v)?
1
Let r(v) = 0*v + 5*v - 2*v + 3 - 2*v - 13. Calculate r(-10).
-20
Let i(r) = 56 - 118 - 2*r + 64. What is i(-1)?
4
Let u(k) = -k - 11. Let i(s) = 9*s**3 + s**2 - 3*s + 1. Let h(g) = -g**2 + g. Let j(r) = -2*h(r) - i(r). Let o be j(1). Give u(o).
-3
Let u(h) = -2*h**2 + 6*h - 7. Let d be u(3). Let o(j) = j**3 + 6*j**2 - 9*j. What is o(d)?
14
Let t(f) = -6*f - 1. Let z = 3 + 5. Let h be z/(-6) + 6/18. What is t(h)?
5
Let o be 0 + 8 + (-1 - 0). Let x(q) = -26*q - 175. Let w be x(-7). Let r(t) = -7*t + o*t + w - t. Calculate r(5).
2
Let w(a) = a**2 - 8*a + 9. Let n be (-88)/(-28) + (-2)/(0 + 14). Let u be ((-2)/3)/((-2)/6). Suppose c - 3*v - 22 = -0*v, 0 = u*c + n*v + 1. Give w(c).
2
Let y(q) be the first derivative of -q**4/4 + 4*q**3/3 + q**2 + 11*q - 47. Determine y(5).
-4
Suppose -2*n + 3*l - 9 = 0, 2*l - 7 + 1 = 5*n. Let c(m) = -5*m - 7. Let i(v) = 11*v + 15. Suppose 0 = -2*u + 2 - 20. Let h(k) = u*c(k) - 4*i(k). Calculate h(n).
3
Let n(s) = 6*s - 49. Suppose 3*w - 23 = -2*d, -18*d = -5*w - 13*d + 55. What is n(w)?
5
Let j(n) = -n**2 + 6*n - 3. Let r = 20 + -27. Let y be (-32)/r + (-28)/49. Suppose y*h = 8*h - 8. Calculate j(h).
5
Let h(q) = -14*q + 27. Let x(y) = 8*y - 15. Let f(z) = 3*h(z) + 5*x(z). Determine f(6).
-6
Let g(n) = n**2 - 13*n - 22. Suppose b + 0*b = -4*k + 31, k = 5*b - 71. Let m be g(b). Let f(h) = m*h + h**2 + 3 + 7 - 4. Determine f(-4).
-10
Suppose 6 = 4*x - 3*x - 5*n, 3 = 2*x - n. Let q(u) = -u. Suppose 4*s = -0*s - 16. Let f(j) = -5*j - 2. Let c(i) = s*q(i) + x*f(i). Determine c(6).
-8
Let m(z) be the third derivative of z**6/120 - 7*z**5/60 + z**4/4 - z**3/6 + z**2 - 12*z. What is m(6)?
-1
Suppose -4*h - 4 = -f, 63*f + h = 62*f + 4. Let t(j) = 6*j - 8. Calculate t(f).
16
Let y(b) = 2*b**3 - 7*b**2 - 2*b + 4. Let s(d) = 3*d**3 - 13*d**2 - 3*d + 7. Let i(g) = 3*s(g) - 5*y(g). Let p = -9 + 5. Calculate i(p).
-3
Suppose -4*q + 5*v - 15 = 12, 2*v = 3*q + 15. Let j = 4 - 1. Let w(y) = 0*y + 4*y**2 + y + 0*y + y**j. Determine w(q).
6
Let t(i) be the third derivative of -i**6/120 - i**5/12 + i**4/12 - 3*i**3/2 - 112*i**2. Give t(-6).
15
Let y be 4/5*65/26. Suppose -4 = -y*u + 10. Let g(z) = -3 + 6*z**2 + 0*z**3 + z**3 - u*z + 3*z**3 - 3*z**3. What is g(-7)?
-3
Let g(r) = -r + 2. Let d be 64/(-48)*-3*1. Suppose -d*k = -6*k + 4. Give g(k).
0
Let f be 308/(-9) + -1 - (-6)/27. Let j = f + 35. Let r(z) = -z + 10. Determine r(j).
10
Suppose d + 5*s = -23, 4*d - s = -0*s + 13. Let j be (0 + d)/(-4)*12. Let o(q) = 4*q**2 + 8*q - 3*q**2 + 4 + 5. What is o(j)?
-3
Let c(p) = p**2 + 2*p - 3. Let d be -2 + (-3)/3*-4. Give c(d).
5
Let a(v) = 11*v + 8*v - 2 - 20*v + 3*v - v**2. Calculate a(5).
-17
Suppose -7*w = -10*w + 66. Let k(j) = -3*j - 2. Let u(v) = -16*v - 11. Let b(q) = w*k(q) - 4*u(q). Calculate b(-2).
4
Let t be (-6)/(-2)*45/9. Suppose 2*m - t = -3*m. Suppose 9 = -0*a + m*a. Let o(p) = -p**2 + p + 1. Give o(a).
-5
Let f(l) be the first derivative of 3*l**2/2 - 3*l + 1. Let r be f(3). Let x(q) = -202*q + 3 + 2*q**2 - 10 - 5*q**2 + 2*q**2 + 207*q. Determine x(r).
-13
Suppose 0 = 5*s - 2*c - 20, 4*c = -0*s + 2*s + 8. Let f(a) = -23*a**2 + s*a - 13*a + 15*a**2 - 2 - a**3. Determine f(-7).
-2
Let f(v) = v**3 - 5*v**2 + 2*v. Let r(z) = z**3 + 6*z**2 - 10*z - 8. Let u be r(-7). Let y = 12 - u. Let o be (-6 - y)*20/(-25). What is f(o)?
-8
Let o(q) be the third derivative of -q**6/120 - q**5/60 + 3*q**3/2 - q**2. Let y(c) = -c**2 - 3*c + 10. Let g be y(-5). Suppose g = -4*j + 9*j. Determine o(j).
9
Let g(j) be the second derivative of j**4/24 - j**3/3 - 6*j**2 + j. Let w(p) be the first derivative of g(p). What is w(0)?
-2
Suppose -5*y + z + 5 = 0, 6 = -y - 5*z + 33. Let c(r) = -2*r**2 - 828*r - r**3 + 830*r + 4*r**2 - 3. Give c(y).
1
Let w(s) = 15*s + 30. Let a be w(-2). Let u(c) = c. Let k(m) = m**3 - m**2 + 4*m + 4. Let b(y) = k(y) - 3*u(y). Calculate b(a).
4
Let p(u) = 87*u - 8 + 51*u - 136*u. Suppose -2*o + 18 = o. What is p(o)?
4
Let m(l) be the second derivative of -l**4/12 - l**3 + l**2 - l. Let c be -13 - (-1 - 11 - -5). Determine m(c).
2
Let a(r) = -4*r. Let y be a(-1). Suppose -6 = y*g - 14. Let f(z) = -5*z + 9 + 11 + z**g - 15. Determine f(4).
1
Let s(t) = -2 + 13 - 9 + t. Let h be s(-3). Let a(j) be the second derivative of j**3/6 + 25*j. What is a(h)?
-1
Let c(m) = -m**3 + 8*m**2 + 19*m - 3. Let r(h) = -4*h**2 + 31*h + 18. Let s be r(8). Calculate c(s).
-13
Let c(w) be the second derivative of -w**4/12 - w**3 - 5*w**2/2 - 56*w. Give c(-5).
0
Suppose 0 = 4*s - 15 + 3. Suppose 5 = 2*z + s*r + 26, -4*r = -z + 17. Let a be z/(-15) - (-18)/(-15). Let t(k) = 8*k. Calculate t(a).
-8
Let x(y) = -y**2 - 6*y + 8. Let t be ((-27)/(-6))/(4*9/(-72)). Determine x(t).
-19
Let f be 4/(-2) + 0/2. Let z(v) be the third derivative of 0 + 0*v - 1/6*v**3 + 1/60*v**5 - v**2 - 1/8*v**4. Calculate z(f).
9
Let v(q) = -4*q**3 + 3*q**2 - 2*q + 1. Let z be v(2). Let f = 34 + z. Let r be 66/f + 6/(-2). Let l(p) = -p + 2. Calculate l(r).
-1
Let w = -469 + 461. Let q(s) = s + 3. Determine q(w).
-5
Let l(g) = g**2 + 6*g + 7. Let o be (-7 - -3) + 6/(-2). Let c(u) = -u - 3. Let m be c(o). Suppose -3*y = 11 + m. Calculate l(y).
2
Let a(c) = -4 - c**2 - 3 - 6*c + 2. Let l be -1 + (10/4)/((-28)/56). Give a(l).
-5
Let h be 8/(-5 + 3 + 4). Let m(w) = w**3 - h*w - 251*w**2 + 3*w**3 + 1 - 3*w**3 + 255*w**2. What is m(-5)?
-4
Let o(z) = 10*z - 2 - 26*z + 5*z + 9*z. What is o(3)?
-8
Let x be 2/((-8)/((-432)/(-9))). Let k(c) = -c**2 - 11*c + 14. Calculate k(x).
2
Let n = 1623 + -1624. Let x(p) = 4*p - 1. Calculate x(n).
-5
Let j be -1*4/4*-3. Let y(v) be the third derivative of v**5/60 - 7*v**4/24 + v**3/6 + 32*v**2. Calculate y(j).
-11
Let x(b) = 2*b + 5. Suppose 7*j - 6*j = 20. Let z be (-4)/10 - (72/j - 0). Determine x(z).
-3
Let l(k) = -k**3 + 6*k**2 + k + 1. Let u be (3 + -3)/((-6)/(-3)). Suppose -w + 1 + 2 = u. Suppose -w*a + 21 = 5*m, -a - 27 = -3*m + 2*a. Calculate l(m).
7
Suppose -156 = 798*c - 786*c. Let v(r) = r**3 + 13*r**2 - 7. Calculate v(c).
-7
Let a(y) = 13*y - 3. Let f(q) = -25*q + 5. Let z(k) = -5*a(k) - 3*f(k). Let u(i) = 247*i + 987. Let s be u(-4). Give z(s).
-10
Suppose 0*a = 2*a - 4